*2 + 11*u + 2. Let x be d(-11). Suppose -3 = x*g - 15. Let v be (-3)/(g/8)*-6. Calculate the highest common divisor of 36 and v.
12
Suppose -3*r = -6*r - 15. Let m(g) = g + 8. Let l be m(r). Suppose -2*n - 2 = 3*d, 12 + 2 = 4*n - l*d. What is the highest common divisor of 22 and n?
2
Let j = 38 - 26. Let d(c) = 6*c**2 + 5*c + 7. Let z be d(-5). What is the highest common divisor of z and j?
12
Let x be (-4)/(-2) + -27 + 3. Let s be 2*2/((-4)/x). Let j = s - 13. Calculate the highest common factor of 99 and j.
9
Let w be (-4)/(-18) - 77/(-99). Suppose -2*q + 5 = w. What is the highest common factor of q and 8?
2
Suppose h + 3*h - 32 = 0. What is the greatest common divisor of h and 4?
4
Let d be 1/(-2) + 28/8. Suppose n = -d*h + 171, -4*h + 338 = 2*n - 0*n. Suppose -3*f = 2*f - n. Calculate the greatest common factor of 11 and f.
11
Suppose 2*a = -l + 3, 1 = -l - 0. Suppose -1 - a = -v + 4*z, -z = -2. Calculate the highest common factor of v and 121.
11
Suppose 0 = f - 5*p - 19, 4 - 23 = -4*f + p. Suppose f*y + 2*a + a = 150, -5*a - 170 = -5*y. What is the highest common divisor of 4 and y?
4
Suppose 3*o = -0*o - 3*v + 237, -5*o = v - 387. Calculate the highest common divisor of o and 7.
7
Suppose -m - 34 = -3*m. Let b be (-9 - -8)*(-52 - -1). Calculate the highest common factor of m and b.
17
Let b(j) = 8*j - 5. Let o be b(4). Suppose -5*q + 5 + 6 = 4*z, -23 = -2*z + q. What is the highest common divisor of z and o?
9
Let p(z) = z**3 + z. Let g be p(1). Let i be -2*26/(-4)*g. Calculate the highest common factor of 52 and i.
26
Let c be -1 + -1 + (-104)/(-4). What is the greatest common factor of 8 and c?
8
Let g = -28 + 44. What is the highest common factor of 40 and g?
8
Suppose -228 = -4*l + 160. Let n = -16 + l. Calculate the highest common factor of 9 and n.
9
Let t(h) = 7*h - 62. Let f be t(9). What is the highest common factor of f and 17?
1
Suppose -4*i + 3*d = 512, d = -i + 6*d - 128. Let t be (-4)/10 - i/20. Calculate the highest common divisor of 54 and t.
6
Let o(v) be the second derivative of -v**4/12 + 13*v**3/6 - 15*v**2/2 - v. Let a = -12 + 23. Let r be o(a). Calculate the highest common factor of 1 and r.
1
Let g(h) = 4*h - 4. Let n be g(4). Let t be (6 + 0)*52/2. Suppose -t = 5*z - 696. What is the highest common divisor of n and z?
12
Let l be (8 + -4)*1 + 51. Suppose 3*s - 74 = -8. What is the greatest common divisor of l and s?
11
Let b = 24 - 21. Let z be 0 + 254 - (b + -1). What is the highest common factor of z and 28?
28
Let w = 126 - 77. Let b = -29 + w. What is the greatest common factor of 160 and b?
20
Let o = 6 - -4. Calculate the greatest common factor of o and 110.
10
Let h = 12 + 16. Suppose 2*k - h = -3*t, 6*t - t - 3*k = 15. Calculate the greatest common divisor of t and 6.
6
Let q = 2 + -2. Let j(t) = t**2 + t - 2. Let z be j(q). Let d = 2 - z. Calculate the highest common factor of d and 44.
4
Let y(o) = o**3 - 16*o**2 - 14*o - 23. Let j be y(17). Calculate the greatest common divisor of j and 21.
7
Let o be 8/6*(-3)/(-2). Suppose -o*h - 56 + 140 = 0. What is the highest common factor of h and 6?
6
Let r be -4 - 1*(-74)/(-2). Let f = r + 104. What is the highest common factor of 42 and f?
21
Let h(a) = -a**2 - 8*a + 3. Let v be h(-6). Suppose 3*c + v = 8*c. Suppose -t + 63 = 2*t. What is the greatest common factor of c and t?
3
Let o be 3/(-4)*4*-13. What is the greatest common divisor of 26 and o?
13
Let f be (-27)/18 + (-19)/(-2). What is the highest common divisor of 20 and f?
4
Let d = 21 - 6. Suppose s = 63 + 102. Calculate the highest common divisor of s and d.
15
Let j = -13 - -15. Let g be (-2 - j) + (-1 - -75). Calculate the greatest common divisor of 14 and g.
14
Let n be -1 + 1 + 0 + 15. Let o(g) = 40*g + 5. Let r be o(4). What is the highest common factor of n and r?
15
Suppose -13*g + 428 - 77 = 0. Let t be (-5 + 4/2)*-6. Calculate the greatest common divisor of g and t.
9
Let g = 98 - 83. Calculate the greatest common factor of 165 and g.
15
Suppose -5*h = -9 + 24. Let p be 12/4*h/(-1). Suppose -x = -6*x + 180. What is the highest common factor of x and p?
9
Let x(h) = -h**2 + h + 42. Let m be x(0). Suppose 7*c - 4*c = 4*s - m, 3*c = 2*s - 24. Calculate the highest common divisor of 18 and s.
9
Let r = 7 + -3. Let a = 6 - 4. Calculate the greatest common factor of a and r.
2
Let z(b) be the third derivative of -43*b**4/24 - b**3/3 + b**2. Let c be z(-2). Calculate the highest common divisor of 12 and c.
12
Let g be (-54)/(-4)*4/6. Calculate the greatest common divisor of 18 and g.
9
Let s be (2/4)/(4/136). Let k be 2247/12 + (-2)/8. What is the greatest common factor of s and k?
17
Let l = -157 - -238. Calculate the greatest common factor of l and 54.
27
Let w = 134 + -54. Suppose -s = s - w. Let u be 18/(-5)*s/(-12). What is the highest common factor of u and 48?
12
Suppose n = -4 + 7. Suppose 5*t + 2*i = 0, -3*t + 0*i = -2*i - 16. Suppose 7*q - t*q - 75 = 0. What is the highest common divisor of q and n?
3
Let h(x) = x**3 + 9*x**2 - x + 9. Let f be h(-4). Calculate the greatest common divisor of f and 62.
31
Let k be -3*12/(-9) + 1. Suppose k*w + 3*g = 20, w + 2*g = -2*g + 21. Calculate the highest common factor of w and 5.
1
Suppose -9 - 21 = -3*a. Suppose 51 = -b + 53. Calculate the greatest common divisor of a and b.
2
Let x be 10 - 4 - 3 - -4. What is the greatest common factor of 7 and x?
7
Suppose -4 = -f - f - 2*i, 2*f = -4*i + 4. What is the highest common divisor of f and 2?
2
Let k be 3/(-9)*-3*0. Suppose k = u + 4. Let y be (36/(-3))/(u/22). What is the greatest common divisor of y and 6?
6
Suppose -3*v - k + 38 = -v, -3*v = 2*k - 59. What is the highest common divisor of v and 34?
17
Let t be 69 + -1 + 72/18. Calculate the greatest common divisor of t and 9.
9
Suppose 0 = -2*x + 9 + 17. Suppose 3*u = -3*y + 4*u + 38, -2*y - 5*u = -31. Calculate the greatest common factor of x and y.
13
Let r be 1*1/5 - 11200/(-250). Calculate the greatest common divisor of r and 15.
15
Let i(d) = 9*d**2 - 22*d + 4. Let y be i(5). What is the greatest common divisor of 17 and y?
17
Suppose 2*l + 51 = y - 2, -5*y = -2*l - 281. What is the greatest common factor of 57 and y?
57
Let z = 65 - 55. Let b(l) = 16*l + 2. Let s be b(3). Calculate the highest common factor of z and s.
10
Let v be (-4)/(8/(-90)) - 1. Suppose -w = v + 4. Let p be (2/(-4))/(3/w). Calculate the greatest common factor of p and 40.
8
Let f = 6 + -35. Suppose -3*s = -3*a + 63, 63 = 4*s - 7*s - 4*a. Let m = s - f. Calculate the greatest common factor of m and 20.
4
Let q be (1/(-4))/(6/1056*-4). What is the greatest common factor of 11 and q?
11
Suppose 6*l = 3*l + s + 8, l + 6 = -4*s. Let m(z) = z. Let d be m(3). Suppose -l*p = d*p - 30. Calculate the highest common factor of 42 and p.
6
Let i = -42 + 91. What is the greatest common divisor of 7 and i?
7
Let q(g) = 2*g**2 + 39*g + 4. Let b be q(-20). Let x(y) = -y**2 - y. Let t be x(0). Suppose -3*c = -t*c - 48. Calculate the highest common divisor of c and b.
8
Let g = -185 - -336. Suppose -q + 208 = -4*l, -6*l + 3*l + 2*q = g. Let u = -25 - l. Calculate the highest common divisor of 4 and u.
4
Let f be 2 - 4 - 1 - -8. What is the highest common factor of 45 and f?
5
Suppose -4*r + 6*r = -6. Let g be 8 - r*3/9. Calculate the greatest common divisor of 63 and g.
9
Suppose -5 = o - 6*o, 0 = -n + 4*o. What is the highest common divisor of n and 1?
1
Suppose -3*a + 6*a - 33 = 0. What is the highest common factor of a and 55?
11
Let v = 7 - 3. Suppose -i - v*i + 105 = 5*t, 0 = 4*t + 3*i - 89. Suppose 3*x - 85 - 30 = a, 4*x - 3*a = 150. What is the greatest common divisor of t and x?
13
Suppose o - 2 = 6. Let j(m) = m**2 - 11*m - 2. Let y be j(13). What is the highest common factor of y and o?
8
Let h = 356 + -324. Suppose 5*p - 4*k - 21 = 11, 5*p + 3*k - 11 = 0. What is the highest common divisor of p and h?
4
Suppose 7*t - 75 = 2*t. Suppose 5*h = 3*y + 213, h + 3*y = -y + 61. Suppose -7*a = -4*a - h. What is the greatest common divisor of t and a?
15
Suppose -4*v - 3 = -7*v. Let w be (v - -1)*(-2 + 3). Suppose 0*a = -2*a + w. What is the highest common divisor of 9 and a?
1
Let y be 12 - -2 - (0 + 2). Calculate the greatest common factor of 36 and y.
12
Let s(q) = -15*q - 5. Let 